 r(k) = 41*k**2 - 40*k. Give r(1).
1
Let b(f) = -3*f - 47. Calculate b(-14).
-5
Let h(t) = -9*t. Calculate h(-2).
18
Let r(p) = -2*p**2 + 2*p + 3. Determine r(4).
-21
Let w(n) = -n**3 + 5*n**2 - 18*n + 65. What is w(4)?
9
Let o(m) = -m**3 + 8*m**2 + 8*m - 9. What is o(8)?
55
Let y(q) = -q**3 - 10*q**2 + q - 2. What is y(-9)?
-92
Let y(q) = -80*q - 49. Give y(-1).
31
Let j(h) = -h**2 - h + 54. Determine j(7).
-2
Let n(o) = -4*o**3 - 2*o**2 - 6*o - 5. Give n(-1).
3
Let x(p) = p**2 - 14*p + 39. Give x(10).
-1
Let y(h) = -3*h**3 - 4*h**2 - 4*h + 7. Determine y(0).
7
Let k(w) = w**3 + 16*w**2 - 3*w - 28. Determine k(-16).
20
Let v(f) = -f**2 + 3*f + 30. Give v(8).
-10
Let x(s) = -7*s - 86. Calculate x(-14).
12
Let c(l) = 9*l + 9. Determine c(0).
9
Let x(c) = -45*c + 5. Calculate x(-1).
50
Let l(c) = -18*c + 120. Calculate l(6).
12
Let c(g) = -2*g**2 - 4*g + 34. Calculate c(-8).
-62
Let r(j) = -16*j + 1. What is r(1)?
-15
Let d(k) = k**3 + 24*k**2 + k + 20. Calculate d(-24).
-4
Let o(s) = -33*s + 953. What is o(29)?
-4
Let c(k) = 2*k + 27. Determine c(-13).
1
Let j(m) = -m**2 - 2*m + 3. What is j(-2)?
3
Let o(p) = 12*p - 33. Give o(15).
147
Let o(p) = -9*p + 1. Determine o(-1).
10
Let d(q) = -q + 14. Calculate d(4).
10
Let r(s) = s**3 - 6*s**2 + 5*s - 5. What is r(5)?
-5
Let s(l) = -l + 5. Calculate s(5).
0
Let b(r) = r + 72. What is b(14)?
86
Let k(t) = t**3 - 12*t**2 - 3*t + 1. What is k(12)?
-35
Let z(p) = -5*p - 42. Determine z(-9).
3
Let i(d) = 4*d + 38. Determine i(-16).
-26
Let b(s) = 3*s**2 - 2*s - 2. What is b(3)?
19
Let t(p) = 11*p - 3. Determine t(5).
52
Let g(y) = -y**3 + 8*y**2 + 9*y - 28. What is g(8)?
44
Let c(h) = 16*h - 53. Determine c(3).
-5
Let c(z) = -44*z + 1. What is c(-1)?
45
Let o(i) = -2*i**2 - 14*i + 27. Give o(4).
-61
Let k(t) = t**3 + 15*t**2 + 15*t + 9. Give k(-14).
-5
Let x(p) = -p**2 + 13*p - 1. Determine x(9).
35
Let p(c) = c**2 + c - 4. Give p(0).
-4
Let f(u) = 5*u + 4. Calculate f(3).
19
Let d(a) = -a**2 + 7*a + 11. Determine d(8).
3
Let u(m) = 13*m - 71. Determine u(0).
-71
Let u(y) = y**2 + 22*y + 10. Give u(-22).
10
Let b(p) = p**3 - 33*p**2 - 152*p + 148. What is b(37)?
0
Let v(j) = 6*j + 90. Give v(0).
90
Let h(r) = -r**3 - 13*r**2 + 48*r + 3. Calculate h(-16).
3
Let s(v) = 2*v**3 + 3*v**2 + 4*v + 1. What is s(-3)?
-38
Let t(o) = -o**2 + 21*o + 60. Give t(22).
38
Let c(b) = -b**3 + 12*b**2 - 11*b + 1. Calculate c(11).
1
Let a(i) = i**2 - 4*i + 8. Give a(3).
5
Let d(g) = 4*g + 10. What is d(-8)?
-22
Let p(b) = 2*b**2 + b - 2. Calculate p(4).
34
Let x(m) = -m**2 - 33*m - 10. Determine x(-32).
22
Let u(z) = -z**2 - 30*z + 41. What is u(-31)?
10
Let z(l) = -l**2 + 10*l - 12. Calculate z(9).
-3
Let d(w) = -4*w**2 - 9*w - 14. What is d(-2)?
-12
Let k(b) = b**3 - 6*b**2 - b - 12. Give k(6).
-18
Let p(h) = h**3 + 2*h**2 + h + 4. Calculate p(-2).
2
Let j(g) = g**2 + 7*g - 23. Calculate j(-8).
-15
Let w(p) = -p**2 + 9*p - 20. Determine w(7).
-6
Let r(f) = 2*f**2 + 30*f - 93. Give r(3).
15
Let c(l) = 15*l - 5. Give c(1).
10
Let l(q) = -2*q**3 - 14*q**2 - 14*q - 18. Give l(-6).
-6
Let u(k) = k**3 + 12*k**2 - 12*k + 5. What is u(-13)?
-8
Let h(x) = -2*x**2 + x + 7. Give h(-2).
-3
Let q(l) = -7*l + 86. Determine q(6).
44
Let n(v) = -v**3 + 5*v**2 + 9*v + 6. Calculate n(7).
-29
Let q(s) = s**3 + 10*s**2 + 8*s - 8. What is q(-9)?
1
Let d(w) = -2*w**3 - 5*w**2 + 6*w - 6. Determine d(2).
-30
Let y(w) = -2*w - 20. What is y(1)?
-22
Let z(n) = 12*n**2 + 3*n - 1. Calculate z(3).
116
Let j(y) = -y**2 - 7*y - 10. What is j(-4)?
2
Let a(d) = d**3 - 3*d**2 - 2*d + 4. Calculate a(4).
12
Let a(u) = 23*u + 187. Give a(-8).
3
Let g(l) = -l**3 - 5*l**2 + 3*l - 3. What is g(-5)?
-18
Let n(x) = -x**3 + 16*x**2 - 47*x + 2. Calculate n(12).
14
Let w(x) = x**2 - 6*x. Determine w(5).
-5
Let d(p) = p - 13. What is d(-17)?
-30
Let w(u) = -3*u + 12. Calculate w(-5).
27
Let f(j) = j**2 + 4*j + 2. What is f(-4)?
2
Let x(w) = 4*w - 11. Give x(2).
-3
Let v(a) = -2*a**3 - 4*a**2 - 2*a - 10. Calculate v(-3).
14
Let q(d) = -d**2 + 39*d - 39. Calculate q(1).
-1
Let u(f) = -f**2 - 5*f + 11. Give u(-9).
-25
Let u(h) = -5*h - 3. Calculate u(-4).
17
Let r(o) = 5*o - 29. Give r(6).
1
Let d(u) = 2*u + 40. Calculate d(-19).
2
Let v(u) = -15*u. What is v(-2)?
30
Let m(q) = 37*q + 6. Determine m(2).
80
Let s(k) = k**3 - k**2 + 5*k + 10. Determine s(0).
10
Let t(b) = b**3 + b**2 - 2*b - 4. What is t(-3)?
-16
Let z(j) = 10*j - 8. Calculate z(3).
22
Let z(g) = 2*g**2 - 42*g - 81. Give z(23).
11
Let a(d) = d**2 - 10*d + 9. Give a(5).
-16
Let s(p) = 170*p - 1358. Calculate s(8).
2
Let t(o) = o - 1. Determine t(-7).
-8
Let b(u) = -2*u**2 - 46*u - 38. Calculate b(-22).
6
Let j(d) = d**3 - 13*d**2 - 2*d + 28. What is j(13)?
2
Let o(m) = 4*m + 3. What is o(6)?
27
Let v(r) = -r**2 + r + 2. What is v(2)?
0
Let m(o) = -3*o**3 + 3*o**2 + 2*o. Give m(3).
-48
Let y(c) = -c**3 - 3*c**2 - 2*c. What is y(-4)?
24
Let m(h) = -37*h**3 + 1. Calculate m(-1).
38
Let a(m) = -3*m - 9. Calculate a(-5).
6
Let s(z) = -z**3 + 7*z**2 - 2*z - 7. Calculate s(5).
33
Let t(c) = -19*c - 100. Give t(-8).
52
Let c(v) = v**3 - 22*v**2 + 42*v + 2. Calculate c(20).
42
Let g(p) = -2*p + 5. What is g(-7)?
19
Let c(f) = -28*f - 1006. Give c(-36).
2
Let i(m) = m**3 - 8*m**2 + 6*m - 7. Calculate i(8).
41
Let z(w) = w**3 + 5*w**2 - 15*w. What is z(-7)?
7
Let o(a) = -19*a - 1273. Calculate o(-67).
0
Let g(o) = 3*o**3 + 3*o**2 + o. Determine g(-1).
-1
Let t(c) = -c**2 - 4*c + 64. Give t(-10).
4
Let d(m) = 2*m + 11. What is d(-7)?
-3
Let a(z) = 16*z - 341. Determine a(21).
-5
Let p(s) = 4*s - 22. Determine p(6).
2
Let f(y) = -y**3 + 7*y**2 + 11*y + 65. Give f(9).
2
Let z(g) = 3*g**2 + 7*g + 10. Calculate z(-5).
50
Let i(u) = u**2 - 11*u + 36. Give i(8).
12
Let i(x) = -3*x + 21. Calculate i(8).
-3
Let r(b) = b**3 + 6*b**2 - 4*b - 36. Determine r(-7).
-57
Let k(o) = o**3 - 25*o**2 - 83*o - 33. Calculate k(28).
-5
Let x(c) = -10*c**2 - c + 22. Give x(0).
22
Let j(d) = 14*d + 1. What is j(-8)?
-111
Let z(w) = w**3 + 8*w**2 + 7. Calculate z(-8).
7
Let x(m) = m**3 - 2*m**2 + m + 15. Give x(3).
27
Let j(y) = -2*y - 18. Calculate j(-5).
-8
Let n(m) = -4*m - 4. Give n(7).
-32
Let t(m) = m**2 + 2*m - 19. Determine t(4).
5
Let f(z) = 11*z + 17. Determine f(-2).
-5
Let o(d) = 5*d + 11. Determine o(5).
36
Let n(o) = -o**2 - 3*o + 92. What is n(-11)?
4
Let p(m) = -16*m**3 - 2*m**2 + 2*m - 4. What is p(2)?
-136
Let n(i) = -2*i**2 - 3*i - 3. Calculate n(-3).
-12
Let c(t) = t**3 - 7*t**2 - 8*t + 1. Calculate c(8).
1
Let f(m) = m**2 + 50*m + 312. What is f(-7)?
11
Let x(d) = -d**2 + 2*d - 2. Give x(-6).
-50
Let h(p) = -p**3 - 3*p**2 + 3*p - 1. Determine h(2).
-15
Let j(l) = 2*l**3 - 2*l**2 + 1. What is j(-1)?
-3
Let w(q) = q**2 - 5*q - 15. Determine w(6).
-9
Let b(n) = 34*n**2 - 7*n + 9. Calculate b(2).
131
Let i(a) = -2*a**2 - 32*a + 36. Calculate i(-17).
2
Let v(a) = 3*a**2 - 7*a - 15. Give v(5).
25
Let i(w) = 2*w**2 - 29*w + 52. Determine i(13).
13
Let q(v) = -3*v + 15. What is q(6)?
-3
Let j(k) = k**3 + 17*k**2 + 72*k + 2. Calculate j(-9).
2
Let o(b) = b**3 + 9*b**2 + 13*b - 4. What is o(-7)?
3
Let n(j) = -6*j - 53. Give n(-10).
7
Let b(f) = -27*f**2 + f. Calculate b(1).
-26
Let v(l) = -9*l**2 - 6*l - 6. What is v(-3)?
-69
Let x(z) = -z**3 + 7*z**2 - 6*z - 8. Calculate x(6).
-8
Let p(j) = 3*j + 7. What is p(-7)?
-14
Let u(k) = -k**3 - 7*k**2 + 16*k - 7. What is u(-9)?
11
Let y(l) = l**2 - 11*l - 12. What is y(6)?
-42
Let t(l) = -2*l**2 - 4*l + 7. Calculate t(-3).
1
Let w(v) = 2*v**3 + 18*v**2 + 8*v - 19. Determine w(-8).
45
Let h(d) = d**2 - 13*d + 20. What is h(10)?
-10
Let v(x) = -8*x**3 + 2*x**2 + 2*x + 1. What is v(-1)?
9
Let a(l) = -l**2 - 11*l - 24. Give a(-10).
-14
Let i(t) = -t**3 - 7*t**2 - 5*t - 1. Calculate i(-6).
-7
Let h(a) = a**3 + 4*a**2 - a + 4. Give h(-4).
8
Let y(r) = -r**2 - r + 16. Calculate y(-5).
-4
Let i(s) = -3*s - 12. What is i(-14)?
30
Let y(s) = -s**2 - 12*s - 36. Give y(-17).
-121
Let y(c) = 3*c**3 + 20*c**2 - 7*c + 22. What is y(-7)?
22
Let d(i) = 4*i + 5. What is d(-2)?
-3
Let i(t) = t - 39. What is i(4)?
-35
Let v(u) = u**3 + 4*u**2 + u - 2. Determine v(-4).
-6
Let f(u) = 23*u + 62. Determine f(-4).
-30
Let j(m) = -m**3 + 4*m**2 + 7*m - 5. Determine j(4).
23
Let k(g) = -2*g**3 + 32*g**2 + g - 